j - 11. Suppose -2*f - 2*s - 2 = -6*s, 5*f - 35 = 2*s. What is the remainder when d is divided by k(f)?
14
Let g = -14 - -24. What is the remainder when (-25 + 13)*(-6)/4 is divided by g?
8
Let o = -116 - -137. What is the remainder when 62 is divided by o?
20
Suppose -11*f - 225 = -20*f. What is the remainder when 199 is divided by f?
24
Suppose x - 3 = 3*q - 74, 4*x = 5*q - 109. Calculate the remainder when 49 is divided by q.
24
Let h = -1 + 1. Suppose h = n + 3*n - 88. What is the remainder when n is divided by 8 + 4 - 0/(-1)?
10
Let y(p) = 24*p**2 - 3*p + 1. Let h be y(2). Let c be (-3)/2*(-2 + 0). Suppose 13 = -c*g + h. What is the remainder when g is divided by 9?
8
Let v = 5 + -1. Let f = 7 - v. Suppose q + 0*q - 3*z + 1 = 0, -5*z = -2*q + f. Calculate the remainder when q is divided by 5.
4
Suppose 8 = -l - 3*c - 0, 0 = 2*c + 10. Suppose 5*d + i - 90 - 50 = 0, -3*d - 4*i + 101 = 0. Calculate the remainder when d is divided by l.
6
Let n = 124 + -70. Suppose 3*o + a - 52 = 3*a, -5*o + a + 75 = 0. Calculate the remainder when n is divided by o.
12
Let w(i) = 2*i - 6. Let k(x) = -4*x + 1. Calculate the remainder when k(-7) is divided by w(8).
9
Suppose 2*s + 3*s = -3*l + 68, 0 = -5*s - 10. Calculate the remainder when l is divided by 9.
8
Suppose 47 = 5*a - 2*q, -5*a + 5 = -4*a + 4*q. Calculate the remainder when 24 is divided by a.
6
Let r(q) = q**3 - 2*q**2. Suppose 5*b - 5*j + 0*j - 85 = 0, 4*j = -b + 17. Calculate the remainder when b is divided by r(3).
8
Suppose 11 = m - 8. Calculate the remainder when ((-2)/4)/(2/(-220)) is divided by m.
17
Let x = -33 + 40. Suppose 4*s + 0*s - 5*t = 60, t + 36 = 2*s. What is the remainder when s is divided by x?
6
Let j = 18 - 13. What is the remainder when 18 is divided by j?
3
Suppose 4*f + 105 = 9*f. Calculate the remainder when f is divided by 8.
5
Suppose -36 = -2*t - 2*t. What is the remainder when t is divided by 5?
4
Suppose -3*q - 2*v + 117 = 0, -3*q = q + 4*v - 152. Calculate the remainder when q is divided by 6.
5
Let z be -16 + (1 - (2 + 1)). Let b = 38 - z. Suppose -5*f + b = -f. What is the remainder when 26 is divided by f?
12
Let r = -3 + 40. Suppose -2*x + r = -5*j, 2*x - 6*x = 4*j + 24. What is the remainder when (1/2)/(j/(-882)) is divided by 16?
15
Suppose 0 = 3*d - 0*d. Suppose -5*x + 245 = -d*x. Suppose l + 34 = 3*l. Calculate the remainder when x is divided by l.
15
Let f(m) be the first derivative of 9*m**2/2 + 4*m + 1. Suppose 2*c + 2 = 8. Calculate the remainder when f(c) is divided by 11.
9
Suppose -2*c + 47 = 5. Let i = -9 + c. What is the remainder when (-6)/(-9) - (-206)/6 is divided by i?
11
Suppose 2*h - 2*l - 17 - 129 = 0, 2*h + l - 146 = 0. Calculate the remainder when h is divided by 15.
13
Suppose 13*x - 65 = 8*x. What is the remainder when x is divided by 8?
5
Let a = -25 + 27. Calculate the remainder when 7 is divided by a.
1
Let i(o) = o**2 - 3*o - 7. Let z be i(5). Suppose -2*a = z*a + 2*p + 1, -a + 2*p = -7. What is the remainder when 2 is divided by a?
0
Let t(x) = -x + 30. Calculate the remainder when 117 is divided by t(0).
27
Let n = 80 - 74. What is the remainder when 10 is divided by n?
4
Let j = 24 - 14. Calculate the remainder when 39 is divided by j.
9
Let r(c) = -c**3 - 7*c**2 - c - 3. Let n = 29 + -22. Calculate the remainder when n is divided by r(-7).
3
Let i(v) = -2*v + 3. Let r = -9 - -5. Calculate the remainder when 21 is divided by i(r).
10
Let u(s) = -s**3 + 7*s**2 - 8*s + 17. Suppose -h + 3*k = 4*k - 10, h + 5*k = -6. What is the remainder when u(5) is divided by h?
13
Suppose -3*n + 4*n = 6. What is the remainder when 15 is divided by n?
3
Let q(o) be the second derivative of 7*o**4/3 + o**3/6 - o**2/2 - o. What is the remainder when q(1) is divided by 15?
13
Let g be 8/(-28) - 354/(-14). Suppose u - g = -4*s, -3*u - s = 2*s - 57. What is the remainder when 33 is divided by u/(-2*(-3)/6)?
16
Let n(w) = 2*w**3 - 1. Let j = 64 - 40. Suppose j = -a + 4*a. What is the remainder when n(2) is divided by a?
7
Suppose 2*w - 9 = w. What is the remainder when w is divided by 4?
1
Suppose -4*b - 4*c = 4 + 8, b - 3*c = 9. Calculate the remainder when (b - 2) + (-105)/(-7) is divided by 7.
6
Suppose -4*i = -3*i - 18. Calculate the remainder when 87 is divided by i.
15
Calculate the remainder when 30 is divided by (-115)/(-13) + 4/26.
3
Let s be (-1 + -1)/(2/2). Let p be 16/(-10)*5/s. Suppose 0 = -p*l + 2*l + 80. What is the remainder when l is divided by 14?
12
Let m = 36 - 34. Calculate the remainder when m is divided by 2.
0
Suppose a + b = -b - 18, 3*a = -5*b - 52. Calculate the remainder when 41 is divided by -8*(-2)/(-16)*a.
13
Suppose 14 + 1 = 5*z, -5*i = z - 248. Suppose -5*r - 4*o = -10 - 38, -3*o - 2 = -r. What is the remainder when i is divided by 12/r*68/6?
15
Let x(f) = 3*f - 5. Suppose o = 5*o - 28. Calculate the remainder when x(o) is divided by 6.
4
Suppose s + 5*q = 40, 3*s - 63 = 6*q - 2*q. Calculate the remainder when s is divided by 14.
11
Let s = 15 + 49. Calculate the remainder when s is divided by 22.
20
Suppose 4*k - 6*k + 42 = 0. Suppose 2*g + 4*l - 4 = 0, 36 = 3*g + 2*l - 6*l. Calculate the remainder when k is divided by g.
5
Calculate the remainder when 48 is divided by ((-10)/4)/((-3)/30).
23
What is the remainder when 19 is divided by 12 - (-5 + 2 + 5)?
9
Let g be 6/(-4)*6/(-3). Suppose 2*b - 13 = g*x, 2*x + 0*x = -2. Calculate the remainder when b is divided by 2.
1
Let z = 462 + -309. What is the remainder when z is divided by 12?
9
Suppose -2*o = -0*o - 4*q - 54, -2*o - 5*q = -9. Let u = 25 + o. Calculate the remainder when u is divided by 15.
12
Suppose 0 = -2*i - 4*n + 30, 5*i - 18 - 22 = -3*n. Calculate the remainder when 8 is divided by i.
3
Let t be (-1821)/(-33) + (-6)/33. Suppose -71 = -2*v + t. Calculate the remainder when v is divided by 16.
15
Let z be (-4)/2 - (-6)/(-3). Let c = z - -4. Suppose c = i - 14 - 6. Calculate the remainder when i is divided by 7.
6
Suppose 2*t - 5*d - 41 = -0*d, 3*t = -4*d + 4. Calculate the remainder when 26 is divided by t.
2
Let x be (4/12)/((-2)/(-354)). Let n = x + 5. Calculate the remainder when n is divided by 22.
20
Suppose 2 = 3*s - s. Suppose f + s = -0. What is the remainder when 10 is divided by ((f + 5)*1)/1?
2
Let t be (10*(-1)/2)/(-1). Suppose -t*h - 8 + 48 = 0. What is the remainder when 29 is divided by h?
5
Suppose a - 3 = 5*f, f - 2*f = -1. Suppose 0 = -2*p + 4, -a*j + 4*j - 4*p + 100 = 0. Calculate the remainder when 66 is divided by j.
20
Suppose -4*v = 6*t - 2*t - 220, t + 2 = 0. Calculate the remainder when v is divided by 29.
28
Suppose -9*u + 10*u - 16 = 0. What is the remainder when 31 is divided by u?
15
Let p = -2 + 14. Suppose 2*o - p = 2*f, 0 = 3*o - o - 5*f - 9. Calculate the remainder when 26 is divided by o.
5
Let n = -134 - -157. Let s(y) = -y**3 - 4*y**2 - 3*y - 4. What is the remainder when n is divided by s(-4)?
7
Let m(p) = -5*p + 3. Let y be m(3). What is the remainder when 8/3*(-30)/(-4) is divided by y/(6/(-3)) - -1?
6
Suppose 0 = 6*g - 30 - 36. Calculate the remainder when 52 is divided by g.
8
Let i(y) = y - 3. Suppose 2 = o - 1. Let b be i(o). Suppose -4*f - s + 35 = b, -4*f = -0*f - 4*s - 60. What is the remainder when 28 is divided by f?
8
Let y(a) = -a**2 + 7*a - 1. Let f be y(6). Let d = f - 3. Calculate the remainder when 2 is divided by d.
0
Suppose 0*i = -i + 14. Calculate the remainder when 25 is divided by i.
11
Let d(t) be the third derivative of -t**5/60 - t**4/4 + t**3/6 + t**2. Let q be d(-7). Calculate the remainder when 59 is divided by q + 3 + (-1 - -24).
19
Let w(u) = 10*u**2 + 2*u - 1. Let a be w(-2). Suppose -5*c + 70 = -3*h, -2*c + a = -h + 2*c. Calculate the remainder when h/(-10)*(-58)/(-3) is divided by 15.
14
Calculate the remainder when 24/(-16)*(-1 - 1) is divided by 1.
0
Suppose -4*g + 182 = -0*g + 2*k, 2*k - 230 = -5*g. Let w(x) = -3*x - 13. Calculate the remainder when g is divided by w(-10).
14
Suppose 23*p - 24*p + 112 = 0. Calculate the remainder when p is divided by 20.
12
Let z be 1 + (-2 - -29) + -4. Calculate the remainder when 16 is divided by 1/(z/(-27) + 1).
7
Let g(l) = 3*l**2 - 2*l - 3 + 2*l + 3*l. What is the remainder when 43 is divided by g(2)?
13
Suppose -4*y = 5*d - 0*y - 24, 20 = 5*d + 